. What are the prime factors of q?
3, 5
Let d(v) = 4153*v**3 + v**2 - 81*v + 150. List the prime factors of d(2).
2, 3, 173
List the prime factors of 39576/2*(10/(-4))/(14 - 16).
3, 5, 17, 97
Let i(o) = -15*o + 604. List the prime factors of i(14).
2, 197
Suppose -2*n = c - 3319, -3*c + n - 686 + 10678 = 0. What are the prime factors of c?
3329
Suppose 3*b - 4*m = -8*m + 76964, -25636 = -b - 4*m. List the prime factors of b.
2, 401
Suppose 4*x - 104 - 84 = 0. Let j = -786 + 788. Suppose 3*v - 3*p = 201, -j*p = v - 17 - x. What are the prime factors of v?
2, 3, 11
Let v(o) = -o**2 + 13*o - 7. Let c be v(12). Let f be (5575/125)/(1/c). List the prime factors of 6/12 + f/2.
2, 7
Let z(s) = -s**2 + 42*s - 168. What are the prime factors of z(12)?
2, 3
Suppose 0 = 13*g - 4*i - 4642 - 156059, -3*g = -2*i - 37087. List the prime factors of g.
47, 263
Suppose 145271 = 63*j + 53*j - 173961. What are the prime factors of j?
2, 43
Suppose 2*x - 11765 = 2*k + 2849, -29233 = -4*x + 3*k. What are the prime factors of x?
2, 457
Let o(k) = -39162*k**3 - 10*k**2 - 4*k + 5. What are the prime factors of o(-1)?
39161
Let x be (17/(-3))/((-4)/60). Suppose -20 = 4*p, -5*i + p - 16 = 29. List the prime factors of (-34)/x - 534/i.
53
Let i be (-2)/3 + -1 + 123/9. Suppose 76 = 2*p - w, 0 = p - 2*w - i - 20. List the prime factors of p.
2, 5
Let o(r) = 10*r + 137. Let b be o(-14). Let y(m) = -334*m + 69. List the prime factors of y(b).
3, 7, 17
Let b(g) = -337*g**3 + 2*g - 1. Let q be b(1). Let s = q - -604. What are the prime factors of s?
2, 67
Suppose -6*y + 10 = 10. Let o(s) = -s**3 - 2*s**2 - 3*s + 412. List the prime factors of o(y).
2, 103
List the prime factors of (-158)/4*(-323 + 13) + (-2 - -3).
2, 3, 13, 157
Let x(r) = 2847*r + 14. Let u be x(5). Suppose -36343 = -34*s + u. List the prime factors of s.
2, 3, 31
Let s = 670 + 121. Suppose 4*f = 3*t - s, -17*t + 19*t - 531 = -f. What are the prime factors of t?
5, 53
What are the prime factors of ((-2)/(-6) - (4 - 5))/((-3)/(-39735))?
2, 5, 883
Let o = 18263 - 6962. List the prime factors of o.
3, 3767
Let b(u) = -15*u + 2. Let y(o) = 29*o - 4. Let h(x) = -11*b(x) - 6*y(x). Suppose 4*s - 8*s - 16 = 4*t, t + 2 = -2*s. List the prime factors of h(t).
2, 7
Let m be 9044/374 + (-2)/11. Let g be (-321 - (-2 - -2))*(-16)/m. Let h = 303 - g. What are the prime factors of h?
89
Let j = 3018 - -12476. What are the prime factors of j?
2, 61, 127
Let h(k) = -k + 6. Let n be h(9). Let l(o) = 5*o - o - 9*o + 7 + 6*o. List the prime factors of l(n).
2
Let v = 8158 - 2590. List the prime factors of v.
2, 3, 29
Suppose -m + 44 = m. Let x = -19 + m. What are the prime factors of (6/(-4))/((-60)/1880) + x?
2, 5
Let k = 28812 + 27330. What are the prime factors of k?
2, 3, 3119
Suppose -22*x - 16 = -720. Let w(m) = -4*m + 259. What are the prime factors of w(x)?
131
Let q = -117 + 126. Suppose 6*c + 1242 = q*c. List the prime factors of c.
2, 3, 23
Let r(o) = -o**3 + 3*o**2 + 5*o. Let p be r(4). Suppose 0 = i - p*l + 13, 2*l = 2 + 6. Suppose i*f = f + 172. List the prime factors of f.
2, 43
Let z(a) = 3*a**2 - 8*a + 2. Let o be z(6). Suppose -2*h - 2 = 0, 2*t - 3*h = o + 1. Suppose 9*b + t = 12*b. What are the prime factors of b?
2, 5
Let u(d) = 1496*d + 3286. What are the prime factors of u(10)?
2, 3, 3041
Let d be 1/(-4) + ((-1058190)/(-40))/(-21). Let i = d - -1997. List the prime factors of i.
11, 67
Suppose -12*y + 102 = -14*y. Let n = y - -51. Suppose -4*i - f + 251 = n, 221 - 19 = 3*i - 2*f. What are the prime factors of i?
2
Suppose 2*q - 10 + 4 = 0, -3*h - 6 = 4*q. Let y be (-14)/h - (-46)/69. Suppose 2*v = y - 1, -2*v - 638 = -5*r. What are the prime factors of r?
2
Suppose -4*o - 10634 = -2*x, -2*x + 13477 = 7*o + 2854. List the prime factors of x.
5, 1063
Suppose -k + 2*w + 4444 = 0, 3*k - 13330 = 81*w - 77*w. List the prime factors of k.
2, 2221
Let u = 75 + -72. Suppose 0 = u*v + 4*m - 2, 5*v - 2*m - 26 = 2*v. Suppose 0*t - 1002 = -v*t. List the prime factors of t.
167
What are the prime factors of (-9 - (780/(-48) + 7)) + (-166670)/(-8)?
2, 11, 947
Let d = -581 + 561. List the prime factors of 18/(-45)*d + 17.
5
Let v(s) = -12*s - 33. Let c(d) = -22*d - 65. Let z(u) = 2*c(u) - 5*v(u). List the prime factors of z(15).
5, 11
What are the prime factors of (2536080/(-66))/(-8) + 26/(-22) + 1?
3, 1601
Suppose -t = -5*a - 0*t + 54, a + 2*t = 2. Suppose a*h - 214 = 8*h. Let k = -56 + h. List the prime factors of k.
3, 17
Let z = -21 - -28. Let g be z*(-4 - 62/(-14))*-5. Let u = g + 20. What are the prime factors of u?
5
Let m be (0 - -1954) + -2 + -73 + 74. Suppose c - 4*u + 342 = m, -5*c + 4*u = -8087. List the prime factors of c.
1619
Suppose -11430 - 210072 = -150*t + 897048. List the prime factors of t.
7457
Suppose 0 = -q + 33 - 38. Let p(x) = -6*x**3 - 9*x**2 - x - 2. Let j be p(q). Suppose 3*y + j = 8*y + 4*d, 0 = 4*y + 3*d - 423. List the prime factors of y.
2, 3
Let a = 140344 - 89068. List the prime factors of a.
2, 3, 4273
Suppose -224*o - 45724 = -3*b - 222*o, 0 = b - 3*o - 15253. List the prime factors of b.
2, 19, 401
Let y = 45 - 50. List the prime factors of (3 - y) + -2 + 927.
3, 311
Let g(w) = -7*w**3 - 50*w**2 - 17*w - 40. List the prime factors of g(-9).
2, 11, 53
Suppose 2*r = 3*b - 3*r - 19, b - 1 = -r. Suppose w - 8 = -4. Suppose 0 = -w*s + 2*p + 710, 0*p = b*s - 2*p - 532. What are the prime factors of s?
2, 89
Suppose -9 = -4*u + u. Let t = -689 + 691. What are the prime factors of 6 - t - (u + -5 - 201)?
3, 23
What are the prime factors of 624*(-4 + 13/2)?
2, 3, 5, 13
Let g be 2*7/2*180/7. Suppose c - g = -2*c. Let m = -46 + c. What are the prime factors of m?
2, 7
Let d(y) = 7 + 14 - 9 - 518*y. What are the prime factors of d(-1)?
2, 5, 53
Let c(i) be the second derivative of 281*i**3/6 + 138*i**2 + 4*i + 44. List the prime factors of c(5).
41
Suppose 5*h - 2*z = 61190, 5*z + 48969 = -48*h + 52*h. List the prime factors of h.
2, 7, 19, 23
Let w be 3/(-15) - (-179)/(-5). Let h = -32 - w. Suppose -h*d = 2*z - 338, -z + 2*z - 1 = 0. List the prime factors of d.
2, 3, 7
Suppose 0 = -4*m + 619 + 605. Suppose -2*l = -4*b + m, -2*b - 3*l + 123 = 2*l. Let r = 131 - b. What are the prime factors of r?
3, 19
Let p(x) = -x + 8. Let w be p(0). Let s(i) = -6 + i**3 - i**3 + 23*i**2 - 15*i**2 + 7*i - i**3. What are the prime factors of s(w)?
2, 5
Let v = 69559 + -22687. What are the prime factors of v?
2, 3, 7, 31
Let h be 8/(-28) + 0 + (-374619)/(-49). Suppose -5*g - 6*g = -h. What are the prime factors of g?
5, 139
Let z be (-3)/(-12) - (-3084)/16. Suppose -3*w + z + 107 = 0. List the prime factors of w.
2, 5
Let s = 127 - 127. Suppose -16*i + 21*i - 3*f - 4107 = s, -2*i + 1646 = -2*f. List the prime factors of i.
3, 7, 13
Let t(r) = 2*r**3 + r**2 + 5*r - 4. Let i = 50 - 57. Let a(q) = -3*q - 18. Let m be a(i). What are the prime factors of t(m)?
2, 37
Let r(q) = 5*q + 95. Let k be r(-18). Suppose -k*i + b + 331 = 0, -5*b + 1 = 6. What are the prime factors of i?
2, 3, 11
Suppose 0 = -5*t + 19 + 56. Suppose 2*q + 15 + 45 = -3*v, -v + q - t = 0. Let r = v - -40. List the prime factors of r.
2, 11
Suppose 5*z = -14*z + 57. Suppose z*x - 315 = -2*h, 2*h - 5*h = 2*x - 470. What are the prime factors of h?
2, 3, 13
What are the prime factors of (3 - -35611) + (-44)/(-55)*-5 + 11?
179, 199
Let n(c) = -6*c + 43. Let k be n(6). Suppose -k*j + 6*j = -151. List the prime factors of j.
151
Let o = -5 - -7. Suppose -i + 134 = -3*z - 2*z, -o*i + 4*z + 298 = 0. List the prime factors of i.
3, 53
Let q be ((-4)/(-4))/((-27)/(-1512)). Suppose -3*m + 2*p + 0*p - 6 = 0, -p + 3 = -2*m. Suppose 5*g + q - 71 = m. List the prime factors of g.
3
Let s(o) = 0*o - 11*o + 0*o + 3. Suppose -67*m = -19*m + 96. List the prime factors of s(m).
5
Let v = -421 + 406. What are the prime factors of ((-40)/v - 4)/(4/(-3981))?
1327
Let n(l) = l**3 - 5*l**2 + 4*l + 1. Let w be n(4). Let z = 6 - w. Suppose -q + b + 104 = 0, 2*b + 31 = z*q - 492. What are the prime factors of q?
3, 5, 7
Let t(h) = 16*h**3 - h. Let z(n) = 48*n**3 + n**2 - 2*n. Let c(r) = 8*t(r) - 3*z(r). Let l be c(-2). Suppose -l = -5*y + 5. What are the prime factors of y?
5
Let l = 277 + 4182. List the prime factors of l.
7, 13
Let y = -79 - -79. Suppose y = -7*k + 72 +